{"id":4181,"date":"2023-05-10T14:17:00","date_gmt":"2023-05-10T12:17:00","guid":{"rendered":"https:\/\/www.aism.lu\/?post_type=messages&#038;p=4181"},"modified":"2023-08-01T18:39:39","modified_gmt":"2023-08-01T16:39:39","slug":"ripensamenti-art-9-a-rischio","status":"publish","type":"messages","link":"https:\/\/www.aism.lu\/it\/messages\/ripensamenti-art-9-a-rischio\/","title":{"rendered":"Ripensamenti \u2013 Art. 9 a rischio?"},"content":{"rendered":"\n<p>Con i piani <em>Next generation EU<\/em>, <em>Repower EU<\/em> e <em>Green Deal Industrial Plan<\/em> l\u2019Europa punta a diventare il primo continente a emissioni nette zero entro il 2050. Per raggiungere tale obiettivo, Ursula Von del Leyen sa che non bastano i contributi dei soli Stati membri, ma che sono necessari anche investimenti privati. Per incentivare tale afflusso di denaro, da un lato \u00e8 stata creata la Tassonomia, con la quale si definiscono le attivit\u00e0 verdi, e dall\u2019altro \u00e8 stata introdotta l\u2019SFDR, nella quale si classificano i fondi d\u2019investimento (art. 6, 8 e 9) in base alla tonalit\u00e0 di verde dei propri asset. Due strumenti potenti, se utilizzati insieme: da una parte le societ\u00e0 devono essere sempre pi\u00f9 allineate alla Tassonomia europea, e dall\u2019altra i fondi devono tingersi sempre pi\u00f9 di verde, passando da art. 6 a art. 8, e da art. 8 a art.9, perch\u00e9 questa \u00e8 la volont\u00e0 dell\u2019Europa.<\/p>\n\n\n\n<p>Dal 2019 al 2022, infatti, gli investimenti sostenibili (principalmente art. 8 e in minor misura art. 9, inizialmente denominati solo ESG) sono cresciuti in maniera esponenziale, arrivando oggi a superare quelli tradizionali (art. 6). La proliferazione degli art. 8, dovuta alla limitata restrizione dell\u2019universo investibile rispetto a un fondo tradizionale (pensiamo che lo STOXX 600 ESG ha 585 costituenti, contro i 600 dell\u2019indice tradizionale), \u00e8 stata velocizzata anche dalla trasformazione dei fondi gi\u00e0 esistenti, rientranti nella categoria art. 6, ai quali \u00e8 stato apportato qualche piccolo cambiamento. L\u2019effetto negativo che ne \u00e8 conseguito \u00e8 stato quello di creare un certo scetticismo negli investitori, che hanno cominciato a considerare questi fondi come il risultato di un\u2019operazione di greenwashing. Da qui l\u2019esigenza di una distinzione pi\u00f9 marcata tra fondi classificati art. 8 e art. 9, ossia tra chi investe incorporando blandamente i principi ESG e chi invece deve quantificare numericamente la sostenibilit\u00e0 dei propri asset.<\/p>\n\n\n\n<p>La regolamentazione degli art. 9 per\u00f2 \u00e8 complessa, le regole lacunose, le interpretazioni molteplici, tutte cose che portano a degli assurdi: alcuni fondi devono affermare di avere investimenti sostenibili <em>non<\/em> allineati alla Tassonomia europea solo per mancanza di dati, e un fondo long\/short non pu\u00f2 andare corto di societ\u00e0 non sostenibili perch\u00e9 l\u2019universo investibile deve essere composto solo da asset \u2018sostenibili\u2019.<\/p>\n\n\n\n<p>In aggiunta, l\u2019Europa sta sempre pi\u00f9 stringendo le maglie degli art. 9 per paura che il fenomeno di greenwashing possa anche solo accostarsi a questa categoria di prodotti. Anzich\u00e9 definire meglio le regole, la Commissione europea crea per\u00f2 ancora pi\u00f9 incertezza, portando cos\u00ec molte case di investimento a declassare autonomamente i propri fondi da art. 9 a art. 8 prima del gennaio 2023, momento in cui bisogna informare gli investitori in merito alla composizione dei fondi a fine 2022. Secondo il Financial Times, solo negli ultimi tre mesi del 2022, BNP Paribas, BlackRock, Amundi e Pictet hanno declassato \u20ac175 miliardi, riducendo il mercato degli art. 9 del 40%.<\/p>\n\n\n\n<p>La complessit\u00e0 della materia \u00e8 talmente evidente, anche a livello governativo, che sempre il Financial Times ha pubblicato un articolo a fine marzo scorso nel quale ha citato una fonte, vicina alla Commissione, secondo la quale all\u2019interno di quest\u2019ultima si sta pensando di eliminare completamente l\u2019articolo 9.<\/p>\n\n\n\n<p>Quando si vuole fare una rivoluzione, si cammina verso l\u2019inesplorato: molti sono gli ostacoli sul percorso e altrettanti gli errori che si possono commettere. Ma se l\u2019idea \u00e8 buona (chi direbbe che un mondo pi\u00f9 sostenibile non lo sia?), bisogna persistere. La cancellazione dell\u2019art. 9 priverebbe l\u2019Europa del prodotto principale da proporre agli investitori per sostenere la trasformazione energetica. Gli investimenti in attivit\u00e0 non sostenibili potrebbero durare ancora a lungo, l\u2019obiettivo del 2050 diverrebbe un\u2019utopia e l\u2019Europa perderebbe la sua credibilit\u00e0 tornando a rivestire - come negli scorsi decenni - un ruolo secondario a livello globale.<\/p>\n","protected":false},"excerpt":{"rendered":"<p>Con i piani Next generation EU, Repower EU e Green Deal Industrial Plan l\u2019Europa punta a diventare il primo continente a emissioni nette zero entro il 2050. Per raggiungere tale obiettivo, Ursula Von del Leyen sa che non bastano i contributi dei soli Stati membri, ma che sono necessari anche investimenti privati. Per incentivare tale [&hellip;]<\/p>\n","protected":false},"featured_media":176,"template":"","meta":{"_acf_changed":false},"acf":[],"yoast_head":"<!-- This site is optimized with the Yoast SEO plugin v22.9 - https:\/\/yoast.com\/wordpress\/plugins\/seo\/ -->\n<title>Ripensamenti - Art. 9 a rischio?<\/title>\n<meta name=\"description\" content=\"Con i piani Next generation EU, Repower EU e Green Deal Industrial Plan l\u2019Europa punta a diventare il primo continente a emissioni nette zero entro il 2050.\" \/>\n<meta name=\"robots\" content=\"index, follow, max-snippet:-1, max-image-preview:large, max-video-preview:-1\" \/>\n<link rel=\"canonical\" href=\"https:\/\/www.aism.lu\/it\/messages\/ripensamenti-art-9-a-rischio\/\" \/>\n<meta property=\"og:locale\" content=\"it_IT\" \/>\n<meta property=\"og:type\" content=\"article\" \/>\n<meta property=\"og:title\" content=\"Ripensamenti - Art. 9 a rischio?\" \/>\n<meta property=\"og:description\" content=\"Con i piani Next generation EU, Repower EU e Green Deal Industrial Plan l\u2019Europa punta a diventare il primo continente a emissioni nette zero entro il 2050.\" \/>\n<meta property=\"og:url\" content=\"https:\/\/www.aism.lu\/it\/messages\/ripensamenti-art-9-a-rischio\/\" \/>\n<meta property=\"og:site_name\" content=\"AISM\" \/>\n<meta property=\"article:modified_time\" content=\"2023-08-01T16:39:39+00:00\" \/>\n<meta property=\"og:image\" content=\"https:\/\/www.aism.lu\/wp-content\/uploads\/2022\/09\/themessage.jpg\" \/>\n\t<meta property=\"og:image:width\" content=\"594\" \/>\n\t<meta property=\"og:image:height\" content=\"563\" \/>\n\t<meta property=\"og:image:type\" content=\"image\/jpeg\" \/>\n<meta name=\"twitter:card\" content=\"summary_large_image\" \/>\n<meta name=\"twitter:label1\" content=\"Tempo di lettura stimato\" \/>\n\t<meta name=\"twitter:data1\" content=\"3 minuti\" \/>\n<script type=\"application\/ld+json\" class=\"yoast-schema-graph\">{\"@context\":\"https:\/\/schema.org\",\"@graph\":[{\"@type\":\"WebPage\",\"@id\":\"https:\/\/www.aism.lu\/it\/messages\/ripensamenti-art-9-a-rischio\/\",\"url\":\"https:\/\/www.aism.lu\/it\/messages\/ripensamenti-art-9-a-rischio\/\",\"name\":\"Ripensamenti - Art. 9 a rischio?\",\"isPartOf\":{\"@id\":\"https:\/\/www.aism.lu\/#website\"},\"primaryImageOfPage\":{\"@id\":\"https:\/\/www.aism.lu\/it\/messages\/ripensamenti-art-9-a-rischio\/#primaryimage\"},\"image\":{\"@id\":\"https:\/\/www.aism.lu\/it\/messages\/ripensamenti-art-9-a-rischio\/#primaryimage\"},\"thumbnailUrl\":\"https:\/\/www.aism.lu\/wp-content\/uploads\/2022\/09\/themessage.jpg\",\"datePublished\":\"2023-05-10T12:17:00+00:00\",\"dateModified\":\"2023-08-01T16:39:39+00:00\",\"description\":\"Con i piani Next generation EU, Repower EU e Green Deal Industrial Plan l\u2019Europa punta a diventare il primo continente a emissioni nette zero entro il 2050.\",\"breadcrumb\":{\"@id\":\"https:\/\/www.aism.lu\/it\/messages\/ripensamenti-art-9-a-rischio\/#breadcrumb\"},\"inLanguage\":\"it-IT\",\"potentialAction\":[{\"@type\":\"ReadAction\",\"target\":[\"https:\/\/www.aism.lu\/it\/messages\/ripensamenti-art-9-a-rischio\/\"]}]},{\"@type\":\"ImageObject\",\"inLanguage\":\"it-IT\",\"@id\":\"https:\/\/www.aism.lu\/it\/messages\/ripensamenti-art-9-a-rischio\/#primaryimage\",\"url\":\"https:\/\/www.aism.lu\/wp-content\/uploads\/2022\/09\/themessage.jpg\",\"contentUrl\":\"https:\/\/www.aism.lu\/wp-content\/uploads\/2022\/09\/themessage.jpg\",\"width\":594,\"height\":563},{\"@type\":\"BreadcrumbList\",\"@id\":\"https:\/\/www.aism.lu\/it\/messages\/ripensamenti-art-9-a-rischio\/#breadcrumb\",\"itemListElement\":[{\"@type\":\"ListItem\",\"position\":1,\"name\":\"Messages\",\"item\":\"https:\/\/www.aism.lu\/messages\/\"},{\"@type\":\"ListItem\",\"position\":2,\"name\":\"Ripensamenti \u2013 Art. 9 a rischio?\"}]},{\"@type\":\"WebSite\",\"@id\":\"https:\/\/www.aism.lu\/#website\",\"url\":\"https:\/\/www.aism.lu\/\",\"name\":\"AISM\",\"description\":\"Management Company and Asset Manager\",\"publisher\":{\"@id\":\"https:\/\/www.aism.lu\/#organization\"},\"potentialAction\":[{\"@type\":\"SearchAction\",\"target\":{\"@type\":\"EntryPoint\",\"urlTemplate\":\"https:\/\/www.aism.lu\/?s={search_term_string}\"},\"query-input\":\"required name=search_term_string\"}],\"inLanguage\":\"it-IT\"},{\"@type\":\"Organization\",\"@id\":\"https:\/\/www.aism.lu\/#organization\",\"name\":\"AISM\",\"url\":\"https:\/\/www.aism.lu\/\",\"logo\":{\"@type\":\"ImageObject\",\"inLanguage\":\"it-IT\",\"@id\":\"https:\/\/www.aism.lu\/#\/schema\/logo\/image\/\",\"url\":\"https:\/\/www.aism.lu\/wp-content\/uploads\/2022\/09\/logo_color.svg\",\"contentUrl\":\"https:\/\/www.aism.lu\/wp-content\/uploads\/2022\/09\/logo_color.svg\",\"width\":1398,\"height\":708,\"caption\":\"AISM\"},\"image\":{\"@id\":\"https:\/\/www.aism.lu\/#\/schema\/logo\/image\/\"}}]}<\/script>\n<!-- \/ Yoast SEO plugin. -->","yoast_head_json":{"title":"Ripensamenti - Art. 9 a rischio?","description":"Con i piani Next generation EU, Repower EU e Green Deal Industrial Plan l\u2019Europa punta a diventare il primo continente a emissioni nette zero entro il 2050.","robots":{"index":"index","follow":"follow","max-snippet":"max-snippet:-1","max-image-preview":"max-image-preview:large","max-video-preview":"max-video-preview:-1"},"canonical":"https:\/\/www.aism.lu\/it\/messages\/ripensamenti-art-9-a-rischio\/","og_locale":"it_IT","og_type":"article","og_title":"Ripensamenti - Art. 9 a rischio?","og_description":"Con i piani Next generation EU, Repower EU e Green Deal Industrial Plan l\u2019Europa punta a diventare il primo continente a emissioni nette zero entro il 2050.","og_url":"https:\/\/www.aism.lu\/it\/messages\/ripensamenti-art-9-a-rischio\/","og_site_name":"AISM","article_modified_time":"2023-08-01T16:39:39+00:00","og_image":[{"width":594,"height":563,"url":"https:\/\/www.aism.lu\/wp-content\/uploads\/2022\/09\/themessage.jpg","type":"image\/jpeg"}],"twitter_card":"summary_large_image","twitter_misc":{"Tempo di lettura stimato":"3 minuti"},"schema":{"@context":"https:\/\/schema.org","@graph":[{"@type":"WebPage","@id":"https:\/\/www.aism.lu\/it\/messages\/ripensamenti-art-9-a-rischio\/","url":"https:\/\/www.aism.lu\/it\/messages\/ripensamenti-art-9-a-rischio\/","name":"Ripensamenti - Art. 9 a rischio?","isPartOf":{"@id":"https:\/\/www.aism.lu\/#website"},"primaryImageOfPage":{"@id":"https:\/\/www.aism.lu\/it\/messages\/ripensamenti-art-9-a-rischio\/#primaryimage"},"image":{"@id":"https:\/\/www.aism.lu\/it\/messages\/ripensamenti-art-9-a-rischio\/#primaryimage"},"thumbnailUrl":"https:\/\/www.aism.lu\/wp-content\/uploads\/2022\/09\/themessage.jpg","datePublished":"2023-05-10T12:17:00+00:00","dateModified":"2023-08-01T16:39:39+00:00","description":"Con i piani Next generation EU, Repower EU e Green Deal Industrial Plan l\u2019Europa punta a diventare il primo continente a emissioni nette zero entro il 2050.","breadcrumb":{"@id":"https:\/\/www.aism.lu\/it\/messages\/ripensamenti-art-9-a-rischio\/#breadcrumb"},"inLanguage":"it-IT","potentialAction":[{"@type":"ReadAction","target":["https:\/\/www.aism.lu\/it\/messages\/ripensamenti-art-9-a-rischio\/"]}]},{"@type":"ImageObject","inLanguage":"it-IT","@id":"https:\/\/www.aism.lu\/it\/messages\/ripensamenti-art-9-a-rischio\/#primaryimage","url":"https:\/\/www.aism.lu\/wp-content\/uploads\/2022\/09\/themessage.jpg","contentUrl":"https:\/\/www.aism.lu\/wp-content\/uploads\/2022\/09\/themessage.jpg","width":594,"height":563},{"@type":"BreadcrumbList","@id":"https:\/\/www.aism.lu\/it\/messages\/ripensamenti-art-9-a-rischio\/#breadcrumb","itemListElement":[{"@type":"ListItem","position":1,"name":"Messages","item":"https:\/\/www.aism.lu\/messages\/"},{"@type":"ListItem","position":2,"name":"Ripensamenti \u2013 Art. 9 a rischio?"}]},{"@type":"WebSite","@id":"https:\/\/www.aism.lu\/#website","url":"https:\/\/www.aism.lu\/","name":"AISM","description":"Management Company and Asset Manager","publisher":{"@id":"https:\/\/www.aism.lu\/#organization"},"potentialAction":[{"@type":"SearchAction","target":{"@type":"EntryPoint","urlTemplate":"https:\/\/www.aism.lu\/?s={search_term_string}"},"query-input":"required name=search_term_string"}],"inLanguage":"it-IT"},{"@type":"Organization","@id":"https:\/\/www.aism.lu\/#organization","name":"AISM","url":"https:\/\/www.aism.lu\/","logo":{"@type":"ImageObject","inLanguage":"it-IT","@id":"https:\/\/www.aism.lu\/#\/schema\/logo\/image\/","url":"https:\/\/www.aism.lu\/wp-content\/uploads\/2022\/09\/logo_color.svg","contentUrl":"https:\/\/www.aism.lu\/wp-content\/uploads\/2022\/09\/logo_color.svg","width":1398,"height":708,"caption":"AISM"},"image":{"@id":"https:\/\/www.aism.lu\/#\/schema\/logo\/image\/"}}]}},"_links":{"self":[{"href":"https:\/\/www.aism.lu\/it\/wp-json\/wp\/v2\/messages\/4181"}],"collection":[{"href":"https:\/\/www.aism.lu\/it\/wp-json\/wp\/v2\/messages"}],"about":[{"href":"https:\/\/www.aism.lu\/it\/wp-json\/wp\/v2\/types\/messages"}],"wp:featuredmedia":[{"embeddable":true,"href":"https:\/\/www.aism.lu\/it\/wp-json\/wp\/v2\/media\/176"}],"wp:attachment":[{"href":"https:\/\/www.aism.lu\/it\/wp-json\/wp\/v2\/media?parent=4181"}],"curies":[{"name":"wp","href":"https:\/\/api.w.org\/{rel}","templated":true}]}}

<p>Con i piani <em>Next generation EU</em>, <em>Repower EU</em> e <em>Green Deal Industrial Plan</em> l’Europa punta a diventare il primo continente a emissioni nette zero entro il 2050. Per raggiungere tale obiettivo, Ursula Von del Leyen sa che non bastano i contributi dei soli Stati membri, ma che sono necessari anche investimenti privati. Per incentivare tale afflusso di denaro, da un lato è stata creata la Tassonomia, con la quale si definiscono le attività verdi, e dall’altro è stata introdotta l’SFDR, nella quale si classificano i fondi d’investimento (art. 6, 8 e 9) in base alla tonalità di verde dei propri asset. Due strumenti potenti, se utilizzati insieme: da una parte le società devono essere sempre più allineate alla Tassonomia europea, e dall’altra i fondi devono tingersi sempre più di verde, passando da art. 6 a art. 8, e da art. 8 a art.9, perché questa è la volontà dell’Europa.</p>



<p>Dal 2019 al 2022, infatti, gli investimenti sostenibili (principalmente art. 8 e in minor misura art. 9, inizialmente denominati solo ESG) sono cresciuti in maniera esponenziale, arrivando oggi a superare quelli tradizionali (art. 6). La proliferazione degli art. 8, dovuta alla limitata restrizione dell’universo investibile rispetto a un fondo tradizionale (pensiamo che lo STOXX 600 ESG ha 585 costituenti, contro i 600 dell’indice tradizionale), è stata velocizzata anche dalla trasformazione dei fondi già esistenti, rientranti nella categoria art. 6, ai quali è stato apportato qualche piccolo cambiamento. L’effetto negativo che ne è conseguito è stato quello di creare un certo scetticismo negli investitori, che hanno cominciato a considerare questi fondi come il risultato di un’operazione di greenwashing. Da qui l’esigenza di una distinzione più marcata tra fondi classificati art. 8 e art. 9, ossia tra chi investe incorporando blandamente i principi ESG e chi invece deve quantificare numericamente la sostenibilità dei propri asset.</p>



<p>La regolamentazione degli art. 9 però è complessa, le regole lacunose, le interpretazioni molteplici, tutte cose che portano a degli assurdi: alcuni fondi devono affermare di avere investimenti sostenibili <em>non</em> allineati alla Tassonomia europea solo per mancanza di dati, e un fondo long/short non può andare corto di società non sostenibili perché l’universo investibile deve essere composto solo da asset ‘sostenibili’.</p>



<p>In aggiunta, l’Europa sta sempre più stringendo le maglie degli art. 9 per paura che il fenomeno di greenwashing possa anche solo accostarsi a questa categoria di prodotti. Anziché definire meglio le regole, la Commissione europea crea però ancora più incertezza, portando così molte case di investimento a declassare autonomamente i propri fondi da art. 9 a art. 8 prima del gennaio 2023, momento in cui bisogna informare gli investitori in merito alla composizione dei fondi a fine 2022. Secondo il Financial Times, solo negli ultimi tre mesi del 2022, BNP Paribas, BlackRock, Amundi e Pictet hanno declassato €175 miliardi, riducendo il mercato degli art. 9 del 40%.</p>



<p>La complessità della materia è talmente evidente, anche a livello governativo, che sempre il Financial Times ha pubblicato un articolo a fine marzo scorso nel quale ha citato una fonte, vicina alla Commissione, secondo la quale all’interno di quest’ultima si sta pensando di eliminare completamente l’articolo 9.</p>



<p>Quando si vuole fare una rivoluzione, si cammina verso l’inesplorato: molti sono gli ostacoli sul percorso e altrettanti gli errori che si possono commettere. Ma se l’idea è buona (chi direbbe che un mondo più sostenibile non lo sia?), bisogna persistere. La cancellazione dell’art. 9 priverebbe l’Europa del prodotto principale da proporre agli investitori per sostenere la trasformazione energetica. Gli investimenti in attività non sostenibili potrebbero durare ancora a lungo, l’obiettivo del 2050 diverrebbe un’utopia e l’Europa perderebbe la sua credibilità tornando a rivestire - come negli scorsi decenni - un ruolo secondario a livello globale.</p>
